*h - 148. What is the remainder when 108 is divided by h?
34
Let d(a) = -a - 1. Let i be 27/(-6) - (-6)/(-4). What is the remainder when 12 is divided by d(i)?
2
Suppose a = 2*f + 134, -2*a = a - 3*f - 399. Calculate the remainder when a is divided by 27.
24
Suppose 2*w = 83 + 39. What is the remainder when w is divided by 16?
13
Suppose -21*u + 22*u - 4 = 0. Calculate the remainder when 7 is divided by u.
3
Calculate the remainder when 280 is divided by 1*73 + 2*(-3 - -2).
67
Let y(s) = 48*s + 17. Calculate the remainder when y(1) is divided by 14.
9
Suppose 0*s = -3*s - 288. Let f = -56 - s. What is the remainder when f is divided by 14?
12
Suppose -8 = -2*u - 2. Suppose u*h + 9 = -0*h, v + 3*h + 14 = 0. What is the remainder when ((-38)/5)/(1/v) is divided by 13?
12
Let w(b) = 3*b**2 - 8*b + 6. Suppose 9 = q + 2*q, -3*u - 2*q = -21. Calculate the remainder when w(u) is divided by 11.
8
Let x(h) be the second derivative of 3*h**4/4 + h**3/2 + h**2 + 3*h. Suppose 0 = 3*g - 4*g + 11. What is the remainder when x(-2) is divided by g?
10
Let f = 5 - 9. Let o be 4 + f + (0 - -6). Let l = 8 - o. What is the remainder when l is divided by 1?
0
Let y = 5 - 3. Calculate the remainder when 1/((12/(-15))/(-4)) is divided by y.
1
Let t(r) = -r + 147. What is the remainder when t(10) is divided by (-14)/(-16)*-10*-4?
32
Suppose 0 = -3*z + 6. Let v(y) = -z*y + 3*y + 23*y**2 + 2 - 1. Calculate the remainder when v(-1) is divided by 8.
7
Let m = 98 - 85. Calculate the remainder when 51 is divided by m.
12
Let n(i) = i + 78. Let h = 0 + 0. Let l be n(h). Suppose 0*v - 3*v + l = 0. What is the remainder when v is divided by 9?
8
Let o = -63 + 71. What is the remainder when 18 is divided by o?
2
Suppose -5*h - 5*h = -510. What is the remainder when h is divided by 13?
12
Suppose 35 = g + 5*x, 0*g = g - x - 5. What is the remainder when 18 is divided by g?
8
Suppose -4*j = -j - 15. Suppose -y = -2 - j. Calculate the remainder when (-38)/(-3) + 12/(-18) is divided by y.
5
Let z = 0 - -1. Calculate the remainder when (z + (-104)/(-20))*5 is divided by 17.
14
Suppose 18 = p + 2. Calculate the remainder when 42 is divided by p.
10
Let z(b) = -9*b - 3. Suppose -4*u + 3*o + 63 = 0, -2*u = -4*u + 5*o + 35. What is the remainder when z(-5) is divided by u?
12
Let d(v) = -v + 10. Let s be d(10). Suppose 41 = -s*t + t. Let h = 12 + 2. What is the remainder when t is divided by h?
13
Let a = -59 - -69. Calculate the remainder when 29 is divided by a.
9
Let z = -16 + 35. What is the remainder when z is divided by 6?
1
Let c = -74 + 112. Let a = c - 13. What is the remainder when a is divided by 14?
11
Suppose 2*i + 23 = -4*b - i, 2*i = 3*b + 30. Let o = b + 20. What is the remainder when 35 is divided by o?
11
Let v = -1 - -3. Suppose -5*d - c + 6*c + 65 = 0, v*c = -2*d + 6. What is the remainder when d is divided by 5?
3
Let p = -191 - -896. Calculate the remainder when 2/((-5)/(p/(-6))) is divided by 12.
11
Suppose -4*n + y + 129 = 0, y - 87 = -2*n + 6*y. Calculate the remainder when 90 is divided by n.
28
Let j(h) = -h + 4. Let w(c) = c**3 + 8*c**2 - 8*c + 8. Let v be w(-9). Calculate the remainder when (-5 - v)*3/(-1) is divided by j(-3).
5
Let w(h) = h**3 - 3*h**2 - 8*h + 4. What is the remainder when 25 is divided by w(5)?
11
Suppose 3*h - 14 = -35. Let u = h - -10. What is the remainder when 10 is divided by u?
1
Calculate the remainder when -1 - -1 - (-180)/6 is divided by 11.
8
Suppose 0 = 4*c, 3*c + 2 + 10 = 3*x. Suppose -2*w = x*l - 62, w = -2*l - 3*w + 46. Let j = l + -7. Calculate the remainder when 16 is divided by j.
4
Let g(p) = -p**3 - 5*p**2 + 3*p + 4. Calculate the remainder when 39 is divided by g(-6).
17
Suppose 4*a - p - 45 = 0, p - 1 - 2 = 0. Calculate the remainder when 47 is divided by a.
11
Suppose -44 = -3*n - n. Let r = -148 + 244. Suppose -5*k = -4 - r. What is the remainder when k is divided by n?
9
Let m(v) = 6*v**2 - v + 5. Let p be m(-4). Suppose 5*g = p + 190. Calculate the remainder when g is divided by 12.
11
Suppose 0*q - 2*q + 5*x + 8 = 0, -20 = -5*q + x. Let r = -59 + 64. What is the remainder when ((-18)/(-4))/(2/q) is divided by r?
4
Calculate the remainder when 29 is divided by (1/4)/(2/80).
9
Let r = -14 + 26. What is the remainder when 46 is divided by r?
10
Let y = -63 - -75. Calculate the remainder when 57 is divided by y.
9
Suppose -2*n = -7*w + 4*w - 43, 0 = 3*n + 3*w - 57. Calculate the remainder when 97 is divided by n.
17
Suppose -7*l + 4*l = -9. Suppose -l*t = 4*a - 222, 0 = -2*a - t + 3*t + 104. Calculate the remainder when a is divided by 19.
16
Suppose -u - 7 = -11. What is the remainder when 15 is divided by u?
3
Calculate the remainder when 190/(-4)*(-8)/10 is divided by (-40)/(-6)*30/20.
8
Suppose 0 = -2*l + l + 20. Calculate the remainder when 59 is divided by l.
19
Suppose -5*r = 3*q - 314, -4*r + 4*q + 238 = 2*q. What is the remainder when 240 is divided by r?
57
Suppose -5*o + 26 = -2*w - 0, -4 = -o. Let s = w - -5. Calculate the remainder when s is divided by 3 - (2 - 4 - -4).
0
Let y(c) = -c**3 - 7*c + 0*c**2 - 2*c**2 + 4 - 5*c**2 + c**2. What is the remainder when y(-6) is divided by 16?
14
Let l(u) = -4*u**3 + 2*u**2 + 5*u + 3. Let g be l(-3). Let y be g/(-9)*27/(-6). Suppose 3*t - y = -0*t. Calculate the remainder when 56 is divided by t.
18
Let j = 36 + 7. Suppose 2*z - j = 9. What is the remainder when z is divided by 7?
5
Let g(t) = -4*t - 71. Let b = -23 + 33. Calculate the remainder when g(-25) is divided by b.
9
Let s = 19 - 6. Let m = -1 + 24. Calculate the remainder when m is divided by s.
10
Suppose -5*i + 2 + 3 = 0. Let y = 6 + i. What is the remainder when 19 is divided by y?
5
What is the remainder when 18 is divided by (-36)/36 + 8 + (1 - 1)?
4
Let w = -64 + 70. Calculate the remainder when 34 is divided by w.
4
Let r = -107 + 181. Calculate the remainder when r is divided by 19.
17
Let o be -1*(-1 + 2/(-2)). What is the remainder when 12 is divided by (-1)/(1*o/(-14))?
5
Suppose 7*w - 60 = 5*w. Let h = 14 + 2. Calculate the remainder when w is divided by h.
14
Let n(w) = w**2 + 9*w + 7. Calculate the remainder when 67 is divided by n(-9).
4
Suppose 32 = -2*h + 4. Let d = -3 - -28. What is the remainder when d is divided by 0 - (-2)/(-2) - h?
12
Let p(g) be the third derivative of -g**6/120 - g**4/8 - 2*g**3/3 - g**2. What is the remainder when p(-3) is divided by 11?
10
Suppose 45 = 3*b - 75. Calculate the remainder when b is divided by 6.
4
Let g = 64 + -37. What is the remainder when g is divided by 6?
3
Calculate the remainder when 45/2*(-4)/(-2) is divided by 12.
9
Suppose 6*i = 2*i + 5*s + 14, 0 = -3*i + s + 16. Suppose 0 = -5*z + 5*t + 70, -i*t = -2*t + 20. What is the remainder when z is divided by 5?
4
Suppose -4*m + 7 = -5*d, -d = 2*d - 3. Suppose -m*z = -2*z + 2*a - 9, -46 = -4*z - 3*a. Calculate the remainder when 49 is divided by z.
10
Let k be 3*-2*3/(-6). Suppose i + 128 = 5*z, -84 = -0*z - 3*z + k*i. Calculate the remainder when z is divided by 14.
11
Suppose -2*l + 4 + 20 = 0. Calculate the remainder when 18 is divided by l.
6
Let w(d) = -d**2 + 19*d + 46. Calculate the remainder when (-12 + -2)*2/(-4) is divided by w(21).
3
Let b(o) = 2*o**2 - o - 6. What is the remainder when b(3) is divided by 4?
1
Suppose 7*s = -2*r + 2*s + 88, -3*r + 132 = 5*s. Suppose -r = -5*f + 31. Let o = 36 - f. What is the remainder when 41 is divided by o?
20
Suppose 0 = -a - 3*f + 56, 0*f - 152 = -2*a + 4*f. What is the remainder when a is divided by 18?
14
Suppose -2*c + 2*x = -100, -50 = -2*c + 5*x + 65. Calculate the remainder when c is divided by 12.
9
Let p be -6*(-1 - 4/(-6)). Let a = p + 23. Let v = 38 - a. What is the remainder when 38 is divided by v?
12
Calculate the remainder when (2/6 + (-15)/18)*-116 is divided by 16.
10
Suppose -3*g + 3*j = -168, 0*g - 5*j + 105 = 2*g. Suppose -5*v = 5*q - 0*q + g, 0 = -5*v - 25. Calculate the remainder when (-236)/q + 2/(-6) is divided by 10.
9
Suppose 12 = -5*h + 37. What is the remainder when h is divided by ((-39)/(-52))/((-6)/(-16))?
1
Let s = -10 + 9. Let p = 2 - s. What is the remainder when 35 is divided by 156/18 - (-1)/p?
8
Let p(x) = 3*x + 2. Let w be p(1). Suppose 3*a + 0*n = -n + 79, w*a - 132 = -2*n. Calculate the remainder when a i